{"version":"1.0","provider_name":"Valderrobres Candida CAT","provider_url":"https:\/\/valderrobres-candida.com\/cat","author_name":"admin","author_url":"https:\/\/valderrobres-candida.com\/cat\/blog\/author\/admin\/","title":"#NoTePuedesPerder | Parque Natural Els Ports - Valderrobres Candida CAT","type":"rich","width":600,"height":338,"html":"<blockquote class=\"wp-embedded-content\" data-secret=\"LGg8vEgtUf\"><a href=\"https:\/\/valderrobres-candida.com\/cat\/blog\/2018\/02\/26\/notepuedesperder-parque-natural-els-ports\/\">#NoTePuedesPerder | Parque Natural Els Ports<\/a><\/blockquote><iframe sandbox=\"allow-scripts\" security=\"restricted\" src=\"https:\/\/valderrobres-candida.com\/cat\/blog\/2018\/02\/26\/notepuedesperder-parque-natural-els-ports\/embed\/#?secret=LGg8vEgtUf\" width=\"600\" height=\"338\" title=\"&#8220;#NoTePuedesPerder | Parque Natural Els Ports&#8221; &#8212; Valderrobres Candida CAT\" data-secret=\"LGg8vEgtUf\" frameborder=\"0\" marginwidth=\"0\" marginheight=\"0\" scrolling=\"no\" class=\"wp-embedded-content\"><\/iframe><script type=\"text\/javascript\">\n\/* <![CDATA[ *\/\n\/*! This file is auto-generated *\/\n!function(d,l){\"use strict\";l.querySelector&&d.addEventListener&&\"undefined\"!=typeof URL&&(d.wp=d.wp||{},d.wp.receiveEmbedMessage||(d.wp.receiveEmbedMessage=function(e){var t=e.data;if((t||t.secret||t.message||t.value)&&!\/[^a-zA-Z0-9]\/.test(t.secret)){for(var s,r,n,a=l.querySelectorAll('iframe[data-secret=\"'+t.secret+'\"]'),o=l.querySelectorAll('blockquote[data-secret=\"'+t.secret+'\"]'),c=new RegExp(\"^https?:$\",\"i\"),i=0;i<o.length;i++)o[i].style.display=\"none\";for(i=0;i<a.length;i++)s=a[i],e.source===s.contentWindow&&(s.removeAttribute(\"style\"),\"height\"===t.message?(1e3<(r=parseInt(t.value,10))?r=1e3:~~r<200&&(r=200),s.height=r):\"link\"===t.message&&(r=new URL(s.getAttribute(\"src\")),n=new URL(t.value),c.test(n.protocol))&&n.host===r.host&&l.activeElement===s&&(d.top.location.href=t.value))}},d.addEventListener(\"message\",d.wp.receiveEmbedMessage,!1),l.addEventListener(\"DOMContentLoaded\",function(){for(var e,t,s=l.querySelectorAll(\"iframe.wp-embedded-content\"),r=0;r<s.length;r++)(t=(e=s[r]).getAttribute(\"data-secret\"))||(t=Math.random().toString(36).substring(2,12),e.src+=\"#?secret=\"+t,e.setAttribute(\"data-secret\",t)),e.contentWindow.postMessage({message:\"ready\",secret:t},\"*\")},!1)))}(window,document);\n\/\/# sourceURL=https:\/\/valderrobres-candida.com\/cat\/wp-includes\/js\/wp-embed.min.js\n\/* ]]> *\/\n<\/script>\n","thumbnail_url":"https:\/\/valderrobres-candida.com\/cat\/wp-content\/uploads\/sites\/4\/Els_Ports1.jpg","thumbnail_width":1200,"thumbnail_height":900,"description":"En el a\u00f1o 2001 la Generalitat de Catalunya declar\u00f3 el macizo de Els Ports Parque Natural, a\u00f1adi\u00e9ndole la Reserva Natural Parcial de les Fagedes dels Ports(Reserva Natural Parcial de los Hayedos de Els Ports), muy interesante por la escasa presencia de la haya en el sur de Europa. Desde la perspectiva de la biodiversidad, el"}

En el año 2001 la Generalitat de Catalunya declaró el macizo de Els Ports Parque Natural, añadiéndole la Reserva Natural Parcial de les Fagedes dels Ports(Reserva Natural Parcial de los Hayedos de Els Ports), muy interesante por la escasa presencia de la haya en el sur de Europa. Desde la perspectiva de la biodiversidad, el
